{"id":11,"date":"2019-06-28T14:44:52","date_gmt":"2019-06-28T14:44:52","guid":{"rendered":"https:\/\/niwicho.de\/wordpress\/?page_id=11"},"modified":"2025-07-21T17:40:00","modified_gmt":"2025-07-21T17:40:00","slug":"kuenstlerin","status":"publish","type":"page","link":"https:\/\/niwicho.de\/index.php\/kuenstlerin\/","title":{"rendered":"K\u00fcnstlerin"},"content":{"rendered":"\n<p>Michelle Niwicho ist eine deutsche K\u00fcnstlerin.&nbsp;<\/p>\n\n\n\n<p>Dabei &nbsp;nimmt sie an diversen Fotoprojekten teil und ist Perfomerin bei Projekten im k\u00fcnstlerischen Bereich.<\/p>\n\n\n\n<figure class=\"wp-block-image\"><img decoding=\"async\" src=\"https:\/\/www.niwicho.de\/attachments\/Image\/id_clash_krass.jpg?template=generic\" alt=\"Foto by Roland Kaiser, ID-Clash, K\u00f6ln\"\/><\/figure>\n\n\n\n<p>In 2013 Performerin beim interkulturellen Performance- und Installations-Projekt zum Thema Transidentit\u00e4t ID-Clash (by Angie Hiesl und Roland Kaiser).<\/p>\n\n\n\n<p>ID-Clash wurde 2013 nominiert f\u00fcr den &#8222;K\u00f6lner Tanztheaterpreis 2013&#8220; und den &#8222;Kurt-Hackenberg-Preis f\u00fcr politisches Theater&#8220;.<\/p>\n","protected":false},"excerpt":{"rendered":"<p>Michelle Niwicho ist eine deutsche K\u00fcnstlerin.&nbsp; Dabei &nbsp;nimmt sie an diversen Fotoprojekten teil und ist Perfomerin bei Projekten im k\u00fcnstlerischen Bereich. In 2013 Performerin beim interkulturellen Performance- und Installations-Projekt zum Thema Transidentit\u00e4t ID-Clash (by Angie Hiesl und Roland Kaiser). ID-Clash wurde 2013 nominiert f\u00fcr den &#8222;K\u00f6lner Tanztheaterpreis 2013&#8220; und den &#8222;Kurt-Hackenberg-Preis f\u00fcr politisches Theater&#8220;.<\/p>\n","protected":false},"author":1,"featured_media":9,"parent":0,"menu_order":0,"comment_status":"closed","ping_status":"closed","template":"","meta":{"footnotes":""},"class_list":["post-11","page","type-page","status-publish","has-post-thumbnail","hentry"],"_links":{"self":[{"href":"https:\/\/niwicho.de\/index.php\/wp-json\/wp\/v2\/pages\/11","targetHints":{"allow":["GET"]}}],"collection":[{"href":"https:\/\/niwicho.de\/index.php\/wp-json\/wp\/v2\/pages"}],"about":[{"href":"https:\/\/niwicho.de\/index.php\/wp-json\/wp\/v2\/types\/page"}],"author":[{"embeddable":true,"href":"https:\/\/niwicho.de\/index.php\/wp-json\/wp\/v2\/users\/1"}],"replies":[{"embeddable":true,"href":"https:\/\/niwicho.de\/index.php\/wp-json\/wp\/v2\/comments?post=11"}],"version-history":[{"count":2,"href":"https:\/\/niwicho.de\/index.php\/wp-json\/wp\/v2\/pages\/11\/revisions"}],"predecessor-version":[{"id":86,"href":"https:\/\/niwicho.de\/index.php\/wp-json\/wp\/v2\/pages\/11\/revisions\/86"}],"wp:featuredmedia":[{"embeddable":true,"href":"https:\/\/niwicho.de\/index.php\/wp-json\/wp\/v2\/media\/9"}],"wp:attachment":[{"href":"https:\/\/niwicho.de\/index.php\/wp-json\/wp\/v2\/media?parent=11"}],"curies":[{"name":"wp","href":"https:\/\/api.w.org\/{rel}","templated":true}]}}