{"id":81,"date":"2025-07-21T17:34:58","date_gmt":"2025-07-21T17:34:58","guid":{"rendered":"https:\/\/niwicho.de\/?page_id=81"},"modified":"2025-12-23T15:00:46","modified_gmt":"2025-12-23T15:00:46","slug":"songwriterin","status":"publish","type":"page","link":"https:\/\/niwicho.de\/","title":{"rendered":"Songwriterin"},"content":{"rendered":"\n<div class=\"wp-block-columns is-layout-flex wp-container-core-columns-is-layout-9d6595d7 wp-block-columns-is-layout-flex\">\n<div class=\"wp-block-column is-layout-flow wp-block-column-is-layout-flow\" style=\"flex-basis:100%\">\n<figure class=\"wp-block-image size-large\"><img loading=\"lazy\" decoding=\"async\" width=\"1024\" height=\"768\" src=\"https:\/\/niwicho.de\/wp-content\/uploads\/2025\/07\/IMG_9316-1-1024x768.jpg\" alt=\"\" class=\"wp-image-89\" srcset=\"https:\/\/niwicho.de\/wp-content\/uploads\/2025\/07\/IMG_9316-1-1024x768.jpg 1024w, https:\/\/niwicho.de\/wp-content\/uploads\/2025\/07\/IMG_9316-1-300x225.jpg 300w, https:\/\/niwicho.de\/wp-content\/uploads\/2025\/07\/IMG_9316-1-768x576.jpg 768w, https:\/\/niwicho.de\/wp-content\/uploads\/2025\/07\/IMG_9316-1-1536x1152.jpg 1536w, https:\/\/niwicho.de\/wp-content\/uploads\/2025\/07\/IMG_9316-1-2048x1536.jpg 2048w\" sizes=\"auto, (max-width: 1024px) 100vw, 1024px\" \/><\/figure>\n<\/div>\n<\/div>\n\n\n\n<p><br>Ich habe meine tiefsten Emotionen in Poesie verpackt und dr\u00fccke diese in Songs aus.<br>Hinter jedem Song steckt eine Geschichte und Gedanken von mir zu einer Situation, die mich gerade bewegt.<br><br>Es kann sein, dass an einem Ort, wo ich mich befinde, pl\u00f6tzlich ein Text in mir auftaucht, den ich dann so schnell wie m\u00f6glich niederschreiben m\u00f6chte.<\/p>\n\n\n\n<p>Ein Beispiel ist hier der Weg in der Tram von Ottakring zum Donauinselfest 2025 in Wien, wo w\u00e4hrend der Fahrt der Song &#8222;Wir fahren mit der Tram&#8220;  entstanden ist.<\/p>\n\n\n\n<p><br>Oder etwas leicht selbstironisches: &#8222;Wenn der Joghurt durch den Laden l\u00e4uft&#8220;  ist direkt w\u00e4hrend des Einkaufens entstanden, als ich mal wieder einen abgelaufenen Joghurt entdeckte .Dazu muss man wissen, dass ich immer penibel auf das Haltbarkeitsdatum achte.<br>Und schon war der Text da und wurde sofort ins Handy eingetippt.<\/p>\n\n\n\n<p>Mir besonders am Herzen liegen die beiden Songs: &#8222;In alle Zeiten gehen&#8220; und &#8222;L\u00e4rmende Stille&#8220;, welche ziemlich tiefgr\u00fcndig sind und wo mein Faible zu Wortspielereinen und Wortbildern h\u00f6rbar sichtbar wird.<\/p>\n\n\n\n<p>Die meisten Songs bewegen sich stilistisch im Bereich Deutsch-Pop.<br>Aber generell geht das Genre bei mir von Balladen \u00fcber Schlager, Punk, Alternative Rock bis zu EDM &#8211; halt das, was am besten zum Text passt.<\/p>\n\n\n\n<p>Denn der Text ist bei mir immer zuerst da.<\/p>\n\n\n\n<div class=\"wp-block-columns is-layout-flex wp-container-core-columns-is-layout-9d6595d7 wp-block-columns-is-layout-flex\">\n<div class=\"wp-block-column is-layout-flow wp-block-column-is-layout-flow\" style=\"flex-basis:100%\">\n<figure class=\"wp-block-image size-large is-style-rounded\"><img loading=\"lazy\" decoding=\"async\" width=\"1024\" height=\"927\" src=\"https:\/\/niwicho.de\/wp-content\/uploads\/2025\/07\/IMG_0238-1024x927.jpg\" alt=\"\" class=\"wp-image-94\" srcset=\"https:\/\/niwicho.de\/wp-content\/uploads\/2025\/07\/IMG_0238-1024x927.jpg 1024w, https:\/\/niwicho.de\/wp-content\/uploads\/2025\/07\/IMG_0238-300x272.jpg 300w, https:\/\/niwicho.de\/wp-content\/uploads\/2025\/07\/IMG_0238-768x695.jpg 768w, https:\/\/niwicho.de\/wp-content\/uploads\/2025\/07\/IMG_0238-1536x1391.jpg 1536w, https:\/\/niwicho.de\/wp-content\/uploads\/2025\/07\/IMG_0238-2048x1854.jpg 2048w\" sizes=\"auto, (max-width: 1024px) 100vw, 1024px\" \/><\/figure>\n<\/div>\n<\/div>\n\n\n\n<div class=\"wp-block-group is-nowrap is-layout-flex wp-container-core-group-is-layout-ad2f72ca wp-block-group-is-layout-flex\">\n<ul class=\"wp-block-list\">\n<li>Tr\u00e4nen laufen \u00fcber das Gesicht<\/li>\n\n\n\n<li>L\u00e4rmende Stille<\/li>\n\n\n\n<li>In alle Zeiten gehen<\/li>\n\n\n\n<li>Zwischenwelten<\/li>\n\n\n\n<li>Sag Ja zur Liebe<\/li>\n\n\n\n<li>We Can Go To All Times<\/li>\n\n\n\n<li>Stille Gedanken<\/li>\n\n\n\n<li>Der Spiegel<\/li>\n\n\n\n<li>Say Yes To Love<\/li>\n\n\n\n<li>Wenn der Joghurt durch den Laden l\u00e4uft<\/li>\n\n\n\n<li>Klingende Wege<\/li>\n\n\n\n<li>I&#8217;m Going The Way<\/li>\n\n\n\n<li>Schnipsel<\/li>\n\n\n\n<li>BUMM BUMM BUMM<\/li>\n\n\n\n<li>Und es macht Bumm Bumm Bumm<\/li>\n\n\n\n<li>Sentieri Sonori<\/li>\n\n\n\n<li>Roulette<\/li>\n\n\n\n<li>Wir fahren mit der Tram<\/li>\n\n\n\n<li>Zweifel sind wie ein Wirbelwind<\/li>\n\n\n\n<li>In Bayern gendern wir nicht<\/li>\n\n\n\n<li>Hallo Herr Wand<\/li>\n\n\n\n<li>Im Meer der Stille<\/li>\n\n\n\n<li>Individuum<\/li>\n\n\n\n<li>Erwacht in einer anderen Welt<\/li>\n\n\n\n<li>Das Leuchten in Deinen Augen<\/li>\n\n\n\n<li>Number One<\/li>\n\n\n\n<li>Blutdruck<\/li>\n\n\n\n<li>Die Entscheidung liegt allein bei Mir<\/li>\n\n\n\n<li>Die Seele brennt<\/li>\n\n\n\n<li>Awakened In Another World<\/li>\n\n\n\n<li>Geheim Geheim<\/li>\n\n\n\n<li>Steine die rollen<\/li>\n\n\n\n<li>Ich bin da<\/li>\n\n\n\n<li>Freue Dich des Lebens<\/li>\n\n\n\n<li>Bauchgef\u00fchl<\/li>\n<\/ul>\n<\/div>\n","protected":false},"excerpt":{"rendered":"<p>Ich habe meine tiefsten Emotionen in Poesie verpackt und dr\u00fccke diese in Songs aus.Hinter jedem Song steckt eine Geschichte und Gedanken von mir zu einer Situation, die mich gerade bewegt. Es kann sein, dass an einem Ort, wo ich mich befinde, pl\u00f6tzlich ein Text in mir auftaucht, den ich dann so schnell wie m\u00f6glich niederschreiben &hellip; <a href=\"https:\/\/niwicho.de\/\" class=\"more-link\"><span class=\"screen-reader-text\">Songwriterin<\/span> weiterlesen <span class=\"meta-nav\">&rarr;<\/span><\/a><\/p>\n","protected":false},"author":1,"featured_media":0,"parent":0,"menu_order":0,"comment_status":"closed","ping_status":"closed","template":"","meta":{"footnotes":""},"class_list":["post-81","page","type-page","status-publish","hentry"],"_links":{"self":[{"href":"https:\/\/niwicho.de\/index.php\/wp-json\/wp\/v2\/pages\/81","targetHints":{"allow":["GET"]}}],"collection":[{"href":"https:\/\/niwicho.de\/index.php\/wp-json\/wp\/v2\/pages"}],"about":[{"href":"https:\/\/niwicho.de\/index.php\/wp-json\/wp\/v2\/types\/page"}],"author":[{"embeddable":true,"href":"https:\/\/niwicho.de\/index.php\/wp-json\/wp\/v2\/users\/1"}],"replies":[{"embeddable":true,"href":"https:\/\/niwicho.de\/index.php\/wp-json\/wp\/v2\/comments?post=81"}],"version-history":[{"count":28,"href":"https:\/\/niwicho.de\/index.php\/wp-json\/wp\/v2\/pages\/81\/revisions"}],"predecessor-version":[{"id":146,"href":"https:\/\/niwicho.de\/index.php\/wp-json\/wp\/v2\/pages\/81\/revisions\/146"}],"wp:attachment":[{"href":"https:\/\/niwicho.de\/index.php\/wp-json\/wp\/v2\/media?parent=81"}],"curies":[{"name":"wp","href":"https:\/\/api.w.org\/{rel}","templated":true}]}}